s of 15650?
2, 5, 313
What are the prime factors of 1849?
43
List the prime factors of 2195.
5, 439
List the prime factors of 19140.
2, 3, 5, 11, 29
List the prime factors of 27640.
2, 5, 691
What are the prime factors of 70759?
13, 5443
List the prime factors of 1671.
3, 557
List the prime factors of 4613.
7, 659
What are the prime factors of 44047?
17, 2591
List the prime factors of 169656.
2, 3, 7069
What are the prime factors of 43075?
5, 1723
What are the prime factors of 5085?
3, 5, 113
List the prime factors of 2638.
2, 1319
What are the prime factors of 2509?
13, 193
What are the prime factors of 13106?
2, 6553
List the prime factors of 2956.
2, 739
What are the prime factors of 254?
2, 127
What are the prime factors of 5091?
3, 1697
What are the prime factors of 791?
7, 113
What are the prime factors of 53411?
53411
List the prime factors of 14338.
2, 67, 107
List the prime factors of 2613.
3, 13, 67
List the prime factors of 10763.
47, 229
What are the prime factors of 60971?
19, 3209
What are the prime factors of 12906?
2, 3, 239
What are the prime factors of 1449?
3, 7, 23
List the prime factors of 1435.
5, 7, 41
List the prime factors of 21139.
21139
What are the prime factors of 1504?
2, 47
List the prime factors of 917.
7, 131
What are the prime factors of 25976?
2, 17, 191
List the prime factors of 36494.
2, 71, 257
List the prime factors of 361.
19
List the prime factors of 706.
2, 353
What are the prime factors of 42539?
7, 59, 103
What are the prime factors of 38190?
2, 3, 5, 19, 67
List the prime factors of 3676.
2, 919
What are the prime factors of 28190?
2, 5, 2819
List the prime factors of 9596.
2, 2399
What are the prime factors of 959?
7, 137
What are the prime factors of 16293?
3, 5431
List the prime factors of 1689.
3, 563
List the prime factors of 4358.
2, 2179
List the prime factors of 7304.
2, 11, 83
What are the prime factors of 1034?
2, 11, 47
What are the prime factors of 1635?
3, 5, 109
List the prime factors of 97515.
3, 5, 11, 197
List the prime factors of 2203.
2203
List the prime factors of 3815.
5, 7, 109
What are the prime factors of 1133?
11, 103
List the prime factors of 33766.
2, 16883
List the prime factors of 32917.
32917
What are the prime factors of 7944?
2, 3, 331
What are the prime factors of 11682?
2, 3, 11, 59
What are the prime factors of 8268?
2, 3, 13, 53
What are the prime factors of 720?
2, 3, 5
What are the prime factors of 1442?
2, 7, 103
What are the prime factors of 1174?
2, 587
What are the prime factors of 5206?
2, 19, 137
List the prime factors of 2413.
19, 127
What are the prime factors of 2599?
23, 113
List the prime factors of 187.
11, 17
List the prime factors of 187.
11, 17
What are the prime factors of 9352?
2, 7, 167
What are the prime factors of 4680?
2, 3, 5, 13
What are the prime factors of 1401?
3, 467
List the prime factors of 21444.
2, 3, 1787
What are the prime factors of 1640?
2, 5, 41
What are the prime factors of 1444?
2, 19
What are the prime factors of 4027?
4027
List the prime factors of 132361.
132361
What are the prime factors of 10634?
2, 13, 409
What are the prime factors of 1507?
11, 137
What are the prime factors of 2774?
2, 19, 73
List the prime factors of 2866.
2, 1433
List the prime factors of 5508.
2, 3, 17
List the prime factors of 2748.
2, 3, 229
List the prime factors of 671.
11, 61
What are the prime factors of 1405?
5, 281
List the prime factors of 2341.
2341
What are the prime factors of 4624?
2, 17
List the prime factors of 880.
2, 5, 11
What are the prime factors of 22563?
3, 23, 109
What are the prime factors of 414?
2, 3, 23
What are the prime factors of 38244?
2, 3, 3187
What are the prime factors of 133998?
2, 3, 23, 971
What are the prime factors of 6108?
2, 3, 509
What are the prime factors of 2107?
7, 43
List the prime factors of 3382.
2, 19, 89
List the prime factors of 6354.
2, 3, 353
What are the prime factors of 1378?
2, 13, 53
What are the prime factors of 122401?
122401
List the prime factors of 3866.
2, 1933
What are the prime factors of 898?
2, 449
List the prime factors of 5222.
2, 7, 373
List the prime factors of 643.
643
List the prime factors of 22530.
2, 3, 5, 751
List the prime factors of 4427.
19, 233
List the prime factors of 3584.
2, 7
List the prime factors of 448.
2, 7
What are the prime factors of 4494?
2, 3, 7, 107
What are the prime factors of 2512?
2, 157
What are the prime factors of 96535?
5, 43, 449
What are the prime factors of 27309?
3, 9103
List the prime factors of 24463.
17, 1439
What are the prime factors of 9854?
2, 13, 379
What are the prime factors of 717?
3, 239
List the prime factors of 12986.
2, 43, 151
What are the prime factors of 36006?
2, 3, 17, 353
What are the prime factors of 4079?
4079
List the prime factors of 41894.
2, 20947
List the prime factors of 14146.
2, 11, 643
List the prime factors of 95450.
2, 5, 23, 83
List the prime factors of 20914.
2, 10457
List the prime factors of 55635.
3, 5, 3709
What are the prime factors of 142798?
2, 71399
List the prime factors of 38360.
2, 5, 7, 137
List the prime factors of 7057.
7057
List the prime factors of 1279.
1279
List the prime factors of 3578.
2, 1789
List the prime factors of 1361.
1361
What are the prime factors of 2284?
2, 571
List the prime factors of 1372.
2, 7
List the prime factors of 427.
7, 61
What are the prime factors of 417?
3, 139
List the prime factors of 17798.
2, 11, 809
What are the prime factors of 8483?
17, 499
What are the prime factors of 7479?
3, 277
List the prime factors of 19432.
2, 7, 347
List the prime factors of 145.
5, 29
List the prime factors of 8333.
13, 641
What are the prime factors of 1328?
2, 83
List the prime factors of 1509.
3, 503
What are the prime factors of 19320?
2, 3, 5, 7, 23
What are the prime factors of 21611?
21611
What are the prime factors of 29108?
2, 19, 383
What are the prime factors of 31151?
31151
List the prime factors of 3359.
3359
List the prime factors of 38448.
2, 3, 89
List the prime factors of 1630.
2, 5, 163
What are the prime factors of 5299?
7, 757
What are the prime factors of 85807?
53, 1619
List the prime factors of 1392.
2, 3, 29
What are the prime factors of 44780?
2, 5, 2239
What are the prime factors of 1734?
2, 3, 17
What are the prime factors of 1578?
2, 3, 263
List the prime factors of 19427.
19427
What are the prime factors of 14321?
14321
What are the prime factors of 379?
379
What are the prime factors of 7717?
7717
List the prime factors of 34544.
2, 17, 127
What are the prime factors of 31606?
2, 15803
List the prime factors of 5952.
2, 3, 31
List the prime factors of 408.
2, 3, 17
List the prime factors of 3620.
2, 5, 181
What are the prime factors of 5710?
2, 5, 571
List the prime factors of 852.
2, 3, 71
List the prime factors of 518.
2, 7, 37
What are the prime factors of 49382?
2, 24691
What are the prime factors of 713?
23, 31
List the prime factors of 1525.
5, 61
What are the prime factors of 7337?
11, 23, 29
List the prime factors of 8182.
2, 4091
List the prime factors of 231.
3, 7, 11
What are the prime factors of 1603?
7, 229
What are the prime factors of 2173?
41, 53
What are the prime factors of 1470?
2, 3, 5, 7
What are the prime factors of 44256?
2, 3, 461
List the prime factors of 11690.
2, 5, 7, 167
List the prime factors of 8426.
2, 11, 383
List the prime factors of 2554.
2, 1277
What are the prime factors of 87466?
2, 101, 433
What are the prime factors of 1863?
3, 23
What are the prime factors of 6432?
2, 3, 67
List the prime factors of 10438.
2, 17, 307
What are the prime factors of 1167?
3, 389
What are the prime factors of 1077?
3, 359
What are the prime factors of 901?
17, 53
What are the prime factors of 100405?
5, 43, 467
List the prime factors of 86142.
2, 3, 7, 293
List the prime factors of 331.
331
List the prime factors of 1807.
13, 139
What are the prime factors of 45494?
2, 23, 43
List the prime factors of 1444.
2, 19
List the prime factors of 8959.
17, 31
What are the prime factors of 555?
3, 5, 37
List the prime factors of 45632.
2, 23, 31
What are the prime factors of 7884?
2, 3, 73
What are the prime factors of 7032?
2, 3, 293
What are the prime factors of 154663?
211, 733
What are the prime factors of 747?
3, 83
What are 